In base 12, what is -6 + 20?
16
In base 2, what is -1100100101010111 - 100?
-1100100101011011
In base 9, what is -88 - 15?
-114
In base 5, what is 100 - 14?
31
In base 9, what is 1 - -6155?
6156
In base 14, what is -13 + 96?
83
In base 3, what is -2100010 - 10?
-2100020
In base 9, what is 1 + -183?
-182
In base 14, what is 93b - -1?
93c
In base 7, what is 3600 + -5?
3562
In base 16, what is 9 - -f?
18
In base 11, what is 2 + 720?
722
In base 11, what is -29 + -8?
-36
In base 11, what is -30 + 5?
-26
In base 5, what is 2 - 32312?
-32310
In base 9, what is 8 + -2823?
-2814
In base 13, what is 3 - -1723?
1726
In base 2, what is 100001 - -100100?
1000101
In base 10, what is -2 - 164?
-166
In base 9, what is -12 - -153?
141
In base 15, what is 2 + -24?
-22
In base 2, what is 1000 + -10110?
-1110
In base 2, what is 1011 + -100010?
-10111
In base 10, what is 128 - -42?
170
In base 13, what is 0 + -6?
-6
In base 3, what is 1 - -10220?
10221
In base 12, what is -48 + -115?
-161
In base 14, what is bb - -2?
bd
In base 6, what is 3 - 144?
-141
In base 9, what is 6071 - 3?
6067
In base 9, what is -4 + 2508?
2504
In base 12, what is -3638 - -4?
-3634
In base 5, what is 14 + -321?
-302
In base 10, what is -2088 + -7?
-2095
In base 14, what is 31 - -157?
188
In base 4, what is -101 + -1303?
-2010
In base 6, what is 1 - 135?
-134
In base 4, what is 2 - 10303?
-10301
In base 9, what is -41 - -266?
225
In base 15, what is -3 - 9b4?
-9b7
In base 15, what is 5 + 3d?
43
In base 2, what is 1100111 - -11?
1101010
In base 10, what is -10 - -706?
696
In base 10, what is -2 - 24?
-26
In base 15, what is 65 - 4?
61
In base 6, what is 1 - 1513?
-1512
In base 3, what is -20 + 2001?
1211
In base 10, what is 13 + 194?
207
In base 13, what is -3 + 210?
20a
In base 2, what is -100 - 100000111?
-100001011
In base 3, what is 10220 - -10000?
20220
In base 13, what is -9 + -71?
-7a
In base 4, what is 0 - 3213?
-3213
In base 6, what is -4 + -5253?
-5301
In base 12, what is 2 + 280?
282
In base 11, what is 536 - 9?
528
In base 4, what is 1110 - 212?
232
In base 14, what is -8 - -3?
-5
In base 9, what is -4 - -41?
36
In base 14, what is -2 - 91?
-93
In base 5, what is -3 + 14033?
14030
In base 11, what is 934 + 13?
947
In base 15, what is 0 + 37?
37
In base 15, what is 101 + -24?
cc
In base 2, what is -1010001010 - 1100?
-1010010110
In base 5, what is 4 + 32?
41
In base 8, what is 20 - 104?
-64
In base 7, what is 513 + 6?
522
In base 12, what is 66 + 0?
66
In base 3, what is -11102 - -1?
-11101
In base 7, what is -5 - 230?
-235
In base 9, what is -32 - -23?
-8
In base 3, what is 12 + -100100?
-100011
In base 3, what is 2 - -10212?
10221
In base 11, what is 102 + 5?
107
In base 12, what is -8 + 97?
8b
In base 13, what is 209 + -1?
208
In base 15, what is -15 - 2?
-17
In base 12, what is 711 - 3?
70a
In base 11, what is 5 + 13a?
144
In base 3, what is -1012211 - -12?
-1012122
In base 13, what is bc7 + -1?
bc6
In base 16, what is -abe + 1?
-abd
In base 7, what is -3 + -3?
-6
In base 7, what is -1220 - -43?
-1144
In base 16, what is 3 - -5de?
5e1
In base 13, what is 35 + -6?
2c
In base 13, what is 8 - -103?
10b
In base 12, what is 5 - -51?
56
In base 7, what is 264 - -2?
266
In base 15, what is -be2 + 2?
-be0
In base 8, what is -41 - -165?
124
In base 9, what is -4 + -170?
-174
In base 6, what is -445 + -24?
-513
In base 6, what is -204 + -22?
-230
In base 14, what is -3 + 7c?
79
In base 8, what is 41 + 6?
47
In base 8, what is 13 - 3?
10
In base 5, what is 20 + -4?
11
In base 12, what is 3 + -155?
-152
In base 14, what is -4 - 32d?
-333
In base 5, what is 21 - 0?
21
In base 6, what is 2105 + -50?
2015
In base 16, what is -4 + -123?
-127
In base 4, what is 1 + -1023?
-1022
In base 2, what is 1000 + 111?
1111
In base 6, what is -2 + 5023?
5021
In base 11, what is 12 - -17?
29
In base 8, what is -34 + 713?
657
In base 4, what is 1333330 + -3?
1333321
In base 3, what is -1022 + 12?
-1010
In base 6, what is 1 + 2232?
2233
In base 7, what is -4 - 65?
-102
In base 13, what is -1 - -14?
13
In base 12, what is -12 + -11?
-23
In base 12, what is 2 - 39?
-37
In base 6, what is -500 + 3?
-453
In base 7, what is 11014 + -3?
11011
In base 15, what is 201 + 7?
208
In base 8, what is 1613 - -1?
1614
In base 2, what is -10010101001 + -10?
-10010101011
In base 3, what is -12 + -100122?
-100211
In base 5, what is -14 + 2242?
2223
In base 9, what is -47 + 1213?
1155
In base 16, what is 11a - -6?
120
In base 15, what is -3 - 17?
-1a
In base 15, what is b - 15e?
-153
In base 11, what is -130 + -4?
-134
In base 7, what is 10 + -1164?
-1154
In base 4, what is -1 - -103?
102
In base 4, what is 11 + -232?
-221
In base 12, what is -197 - 2?
-199
In base 2, what is -1110011110 - -100?
-1110011010
In base 13, what is c + 2a0?
2ac
In base 5, what is 10 - 202?
-142
In base 15, what is 5 + -38?
-33
In base 9, what is -832 - 3?
-835
In base 14, what is -2b07 - -1?
-2b06
In base 5, what is -40333 - -14?
-40314
In base 3, what is -20 - -11102211?
11102121
In base 6, what is -13 - -21?
4
In base 2, what is -1110110101 - -10?
-1110110011
In base 7, what is 12 + -10542?
-10530
In base 3, what is 212 + 21221?
22210
In base 14, what is -1 - b?
-c
In base 5, what is -1143 - -1?
-1142
In base 11, what is -31 - 75?
-a6
In base 3, what is 10111 - 22202?
-12021
In base 15, what is -5 + -6c?
-72
In base 5, what is 402 + -3?
344
In base 4, what is 1130022 + 0?
1130022
In base 3, what is -20200 + -12?
-20212
In base 15, what is 103 + -1?
102
In base 8, what is 21 + -126?
-105
In base 16, what is -3a - -5?
-35
In base 2, what is -110101101000 - 101?
-110101101101
In base 4, what is -13 + 20221?
20202
In base 10, what is -3 + 376?
373
In base 6, what is 5 + -135?
-130
In base 10, what is 1 - -1?
2
In base 14, what is 3 + -d4?
-d1
In base 5, what is 1 - -2340?
2341
In base 6, what is -135 + -140?
-315
In base 2, what is -101 + 1101?
1000
In base 2, what is 110011001111 + -1?
110011001110
In base 2, what is 111 - 100010110100?
-100010101101
In base 15, what is 2c + 8?
35
In base 12, what is -40 - 55?
-95
In base 12, what is -13a - -4?
-136
In base 7, what is -13 + 103?
60
In base 2, what is -111001 + 101010111?
100011110
In base 15, what is -2 + -36?
-38
In base 4, what is 1003100 - 1?
1003033
In base 3, what is -1 - 112?
-120
In base 13, what is 356 + 0?
356
In base 3, what is -1111 - -201112?
200001
In base 8, what is 423 + 1?
424
In base 16, what is 2c - 0?
2c
In base 3, what is -2202212 - 20?
-2210002
In base 15, what is 6d1 + -4?
6cc
In base 9, what is 552 + -5?
546
In base 9, what is 5 - -34?
40
In base 8, what is -762 - -1?
-761
In base 15, what is 1310 - -4?
1314
In base 6, what is -1 - -2205?
2204
In base 5, what is 12 - -1401?
1413
In base 15, what is 56d + 5?
573
In base 15, what is 1 + 0?
1
In base 6, what is 2523 - 3?
2520
In base 14, what is 25 + d?
34
In base 3, what is -10 + -1001221?
-1002001
In base 16, what is a - -5?
f
In base 9, what is -28 + -14?
-43
In base 6, what is 15 - 2003?
-1544
In base 5, what is 110 - 2414?
-2304
In base 9, what is 5312 - 3?
5308
In base 7, what is 0 + -1313?
-1313
In base 9, what is 12724 - -4?
12728
In base 14, what is -5 - 16?
-1b
In base 12, what is -19 - 180?
-199
In base 2, what is -11110110110101 - -10?
-11110110110011
In base 10, what is 668 - 1?
667
In base 8, what is 14 - 271?
-255
In base 16, what is 3 + -186?
-183
In base 5, what is -4144 - 4?
-4203
In base 11, what is -202 - -5?
-1a8
In base 5, what is -2 + -10310?
-10312
In base 7, what is -1322 + 0?
-1322
In base 15, what is 7a7 - 2?
7a5
In base 14, what is 3 + 14?
17
In base 13, what is -315 - -1a?
-2c8
In base 15, what is -6 - 7a?
-81
In base 6, what is -13 + -103?
-120
In base 5, what is 413233 + -3?
413230
In base 6, what is 151 - 323?
-132
In base 10, what is 308 - 1?
307
In base 2, what is 0 - -101000?
101000
In base 12, what is -484 - 5?
-489
In base 13, what is -32 - 18?
-4a
In base 6, what is 0 - -50?
50
In base 8, what is 4 + -114?
-110
In base 5, what is 1332 + -21?
1311
In base 13, what is 3 + -3a?
-37
In base 12, what is 3 + 91?
94
In base 15, what is -12 - 532?
-544
In base 9, what is 53 + 1?
54
In base 2, what is -1011 - 100?
-1111
In base 13, what is -3a67 - -3?
-3a64
In base 13, what is -b - -23?
15
In 